 z be u(1). Suppose -5*s = m + z, m = -m + 5*s + 54. What is the remainder when m is divided by 6?
5
Let o(u) = u**3 + 9*u**2 + 8*u - 13. Calculate the remainder when o(-6) is divided by 10.
7
Suppose u - 77 = 68. Calculate the remainder when u is divided by 37.
34
Calculate the remainder when 34 is divided by 1 + (-1 - 48/(-4)).
10
Suppose 0 = 2*f - 5*i - 0*i - 188, 2*i - 188 = -2*f. Calculate the remainder when (-1 + 3)*f/4 is divided by (-4)/(-2) - -15 - 1.
15
Let m = -25 - -25. Suppose v = 4, m = -k - 2*k - 2*v + 53. Calculate the remainder when 57 is divided by k.
12
What is the remainder when 15 is divided by (7*(-5 + 4/4))/(-2)?
1
Let k(i) be the first derivative of -i**2/2 + 3*i + 3. Let g be k(0). Suppose t = -3*p + 19, -g*p + 8 = -p. What is the remainder when 19 is divided by t?
5
Let l(o) = 3*o + 11. Let x(j) = -16*j - 55. Let c(r) = 11*l(r) + 2*x(r). Calculate the remainder when c(-10) is divided by 1.
0
Let n = -58 - -231. Let d = n + -96. Calculate the remainder when d is divided by 20.
17
Let x(h) = h**2 + 7*h + 4. What is the remainder when 87 is divided by x(-9)?
21
Let z(s) = -s**3 + 7*s**2 + s + 2. Let i be z(7). Let d = -3 + i. Calculate the remainder when d is divided by 4.
2
Let b(k) = 5*k - 1. Let r be b(8). Suppose 5*l - 71 = r. Calculate the remainder when l is divided by 12.
10
Suppose 12 = -3*q + 27. Suppose -z + 29 = -2*f + q*f, 0 = 5*z + 2*f - 132. Calculate the remainder when z is divided by 9.
8
Suppose 3*y + 4*b - 4 = 0, -2*y = -0*y + b - 6. Suppose y*g + 13 = 5*g. Let t = 37 + -30. Calculate the remainder when g is divided by t.
6
Let z(g) = 55*g + 1. Suppose -r - 4 + 5 = 0. What is the remainder when z(r) is divided by 15?
11
Suppose -4*p - 28 = -4*v, -v + 3*p + 1 = -2*v. Suppose -h = -6 + 2. Suppose 0 = -x + 4 + h. Calculate the remainder when x is divided by v.
3
Suppose -2*t - 42 = -0*n - 2*n, 0 = n + t - 31. What is the remainder when n is divided by 9?
8
Suppose 5*t + 11 = -24. Let o = 47 - 69. Let p = t - o. Calculate the remainder when 28 is divided by p.
13
Suppose 0*c = 2*c + 2. Let d = -9 - c. Let w = d - -22. What is the remainder when w is divided by 5?
4
Suppose -3*i + l = 2 - 0, -4*i - 5*l = 9. Let d(g) = 15*g**2 - g. What is the remainder when d(i) is divided by 6?
4
Suppose -6*c = -17*c + 1452. What is the remainder when c is divided by 19?
18
Let o(y) = -8*y**3 - 3*y**2 - 3*y - 4. What is the remainder when o(-2) is divided by 14?
12
Let r(c) = 3*c - 3. Let w = 0 - -5. Suppose f - w*f + 92 = 0. Calculate the remainder when f is divided by r(5).
11
Suppose 8*n - 3*n - o = 4910, -o + 4900 = 5*n. What is the remainder when (-2)/(-7) - n/(-21) is divided by 17?
13
Suppose 0 = 2*d - 2*o - 52, -2*o - 43 = -5*d + 90. Let y = 13 - 3. What is the remainder when d is divided by y?
7
Suppose 5*v = 13 + 2. Suppose -3*j - v*b = -j - 64, -j + 5*b = -58. What is the remainder when j is divided by 20?
18
Let x(u) = u**2 - 11*u + 15. Let j be x(10). Suppose -4*s - 8 = 0, -j*i + 1 = -4*i + 3*s. Calculate the remainder when i is divided by 5.
2
Suppose -4*t = -4*d, -2*d - 16 = -0*t + 2*t. Let i = 7 - d. Suppose -4*y + 10*u - 5*u + 2 = 0, 5*y - i = 2*u. What is the remainder when 9 is divided by y?
0
What is the remainder when 29 is divided by 9/(-6)*(-9 - 1)?
14
Suppose -4*s + 9*s - 65 = 0. Let y(q) = 17*q. What is the remainder when y(3) is divided by s?
12
Let b = -3 - -7. Suppose -109 + 381 = b*f. Suppose 5*x + 6*a - f = 3*a, -2*x = -a - 25. What is the remainder when 37 is divided by x?
11
Suppose 36*o - 34*o = 42. Calculate the remainder when o is divided by (-4)/10 - 57/(-5).
10
Calculate the remainder when 172 is divided by 33/(-9*(-6)/72).
40
Let n = 71 + -50. Suppose -y + n = 2*p, 4*y - 3*p + 8*p = 90. Calculate the remainder when y is divided by 14.
11
Let t(h) = h + 14. Suppose 0 = -5*z - 6 + 21. Suppose -2*s + z*c = -23, 2*c = 2*s - 2*c - 24. Calculate the remainder when s is divided by t(-8).
4
Let f be (-1 - 1/(-3))*93. Suppose -3*i - 66 = 30. Let z = i - f. Calculate the remainder when z is divided by 16.
14
Suppose h + l + 171 = 6*h, 0 = -2*h + 4*l + 72. What is the remainder when h is divided by (12/(-5))/((-2)/10)?
10
Let b be (-10)/4 - (-7)/(-14). Let m = b - -13. Calculate the remainder when 19 is divided by m.
9
Suppose 0*n - 3*n = -4*h - 74, n = 3*h + 18. Let t = 110 - 52. Calculate the remainder when t is divided by n.
28
Let i = 3 + 25. Calculate the remainder when i is divided by 15.
13
Let z = -81 + 113. Suppose 5*a - 58 = 2*j, -z + 12 = 5*j. What is the remainder when 19 is divided by a?
9
Let p(w) = -w**2 - 8*w - 9. What is the remainder when 34 is divided by p(-4)?
6
Let x(q) = 2*q**2 + 6*q + 8. Let g(l) = -l**2 + l + 2. Let m be g(3). What is the remainder when 61 is divided by x(m)?
13
Suppose h - 33 = -2*h. What is the remainder when h is divided by 8?
3
Suppose 0 = x + x - 12. Let j = -22 - -32. Calculate the remainder when j is divided by x.
4
Suppose r = -0*r + 5. Suppose 0 = -5*f + r*y + 35, -4*f + y - 3*y + 4 = 0. Suppose -2*b + 1 = -f. What is the remainder when b is divided by 1?
0
Suppose x - 5*i - 4 = -3*i, -5*i - 16 = -4*x. What is the remainder when x is divided by 2?
0
Suppose 4*m - 3*d - 98 = 0, -2*m = 2*m - 4*d - 100. What is the remainder when 90 is divided by m?
21
Let w = 3 - -1. Suppose 1 = w*i - 39. Calculate the remainder when i is divided by 23/6 - 16/(-96).
2
Suppose -2*r - 15 = -7*r, -r - 2 = -i. Suppose -2*x + 14 = n - 0*x, 0 = -2*n + i*x + 1. Suppose 0*y = 4*y - n. What is the remainder when y is divided by 2?
0
Let l(c) be the first derivative of -5*c**3/3 + c + 1. Let d be l(-1). Let t = d + 6. Calculate the remainder when 5 is divided by t.
1
Suppose -5*o + 387 - 57 = 0. Calculate the remainder when o is divided by 23.
20
Let w(z) = 7*z - 4. Calculate the remainder when 48 is divided by w(3).
14
Let b(s) = -s**3 + 4*s**2 - 2. Suppose 4*r = -5*l - 0*r + 2, -l = -3*r + 11. Let g = 4 + l. Calculate the remainder when b(g) is divided by 2.
0
Let u = -57 - -62. What is the remainder when 16 is divided by u?
1
Suppose 4*i + 2*f - 104 = 6*f, -3*f = 3*i - 96. Calculate the remainder when i is divided by 16.
13
Suppose 2*n = n + 17. What is the remainder when (-4)/(-30) - (-493)/15 is divided by n?
16
Suppose -i = 5*c - 20, -4*i + 0*c = -c - 38. Calculate the remainder when 46 is divided by i.
6
Calculate the remainder when 28/21*(-222)/(-4) is divided by 39.
35
Suppose -m = -5*p + 19, -5*p - 5*m - 3 = 2. Suppose 2*q = -p*s - 11, 2*q - 3*q = -3*s + 10. Calculate the remainder when 40 is divided by (-480)/(-35) - 2/q.
12
Let y(s) be the third derivative of -s**4/3 - s**3/6 - 4*s**2. Calculate the remainder when y(-3) is divided by (-2)/(-4) + (-69)/(-6).
11
Let n(l) = -4*l + 4. Let t be 2/(-8)*314*-2. Let m = t + -75. Calculate the remainder when m is divided by n(-6).
26
Suppose 50 = 18*j - 8*j. Calculate the remainder when 10 is divided by j.
0
Suppose 5*l + d + 10 = l, l - 4*d + 11 = 0. Let z = l - -6. Suppose z*c = 77 - 11. What is the remainder when c is divided by 8?
6
Let y be 4/14 - 264/(-56). Suppose -y*s + 136 = -s. Calculate the remainder when s is divided by 12.
10
Let z be (-3)/((-2)/56*6). Let j = z + -8. Let p = 1 - -3. What is the remainder when j is divided by p?
2
Suppose 4 = z + 1. Suppose z - 5 = -n. Suppose -4*k + 41 = 5*r, -5*k + n*r - 7*r + 55 = 0. Calculate the remainder when 27 is divided by k.
13
What is the remainder when 8 is divided by 9/2 - 12/8?
2
Calculate the remainder when 44 + 4/((-12)/(-9)) is divided by 24.
23
Let g be (9/4)/(3/(-16)). Let k = -8 - g. Suppose -4*t + 48 = k*q, 2*t + 5*q - 10 = 17. What is the remainder when t is divided by 6?
5
Let r(l) = -l**2 + 6*l + 7. Let a be 0 + (9 - 4/2). Let h be r(a). Suppose h = -d + 10 + 12. What is the remainder when d is divided by 8?
6
Let u be (2/(-2))/1*1. Let h be (4 - -1 - u) + 1. Let f = -6 + h. Calculate the remainder when 2 is divided by f.
0
Let t = 0 - -1. Suppose -2*g - 2*l = 28, 0*g = 5*g + 2*l + 55. Let z = t - g. Calculate the remainder when 27 is divided by z.
7
Suppose -2*k = 2*y - 0*y - 24, 0 = -4*y - k + 45. Calculate the remainder when 30 is divided by y.
8
Suppose -5*r = 3*b - 32, 0 = -0*b - 3*b + 3*r. Let o = 0 + b. Suppose 0 = -o*z + 60 + 4. What is the 